**3 - 3*b**2 - 5*b - 3. Let m be z(4). Let n be v(m). What is the units digit of 4/n + (-24)/(-14)?
2
Suppose 5*l - 111 = -2*z, 93 = 5*l - 3*z - z. What is the units digit of l?
1
Suppose 0 = -c + 32 + 5. What is the tens digit of c?
3
Suppose 0 = 2*o + 3*c - 15, -c - 2 = -5. Suppose o*p - p = 116. What is the units digit of p?
8
Let o = 1 + -2. Let f = o + 0. What is the units digit of f/3 - 22/(-3)?
7
Let u(z) = -z**3 - 5*z**2 + 6*z - 11. What is the tens digit of u(-7)?
4
Let r(a) = -a**3 - 10*a**2 - 6*a + 7. What is the units digit of r(-10)?
7
Let a(p) = -p**2 - 1. Let i be a(0). Let k be -4*(-2 + (-10)/(-4)). What is the units digit of 9 - (k - i - -1)?
9
Let o be (2 + -1)*(7 + -3). Let y = -1 + o. Suppose 0 = -p - y*p + 36. What is the units digit of p?
9
Let c = 0 + -2. Let t = c - -12. What is the units digit of t?
0
Let c(i) = i - 1. Suppose -s = 2*s - 4*j + 27, -3*j = -9. Let t be c(s). Let r = 8 + t. What is the units digit of r?
2
Let q = -43 + 68. Suppose 2*w - 11 = -3*g, -2*w - q = -3*w + 5*g. What is the tens digit of w?
1
Let p(v) = 5*v**2 + 7*v + 8. What is the tens digit of p(-4)?
6
Suppose 0 = -6*r + 4*r. Suppose -3*v + 97 = h + 32, r = -v - 5*h + 3. What is the units digit of v?
3
Suppose -3*f - 18 = -5*j, 2*j + 0*j + 2*f = 4. What is the tens digit of 0 + j + (5 - -7)?
1
What is the units digit of ((-186)/(-12))/(2/4)?
1
Suppose 0 = -p - 7 + 3, 5*p + 60 = 2*i. What is the tens digit of i?
2
Let v = 1 + 0. Let g be ((-6)/(-4))/((-1)/(-10)). Suppose 3*q + g = 3*f, f + 0*f + 2*q = -v. What is the units digit of f?
3
Suppose -3*y = -6 - 0. Suppose 0 = y*c - 0 - 8. What is the units digit of c?
4
Let u(d) = 33*d**3 - d**2 + 3*d - 4. What is the units digit of u(2)?
2
Let w = 244 - 166. What is the tens digit of w?
7
Suppose -2*h = -3 - 5. Suppose -5*n - 31 = -3*u, 23 = h*u - 3*n - 0*n. Suppose -2*o - 3*x = -5, 0 = -5*o + x + 2*x + u. What is the units digit of o?
1
What is the hundreds digit of 4/10 - (-8928)/30?
2
Let i(n) = -42*n - 6. Let y be i(-3). Suppose -4*q + 0*c + y = -2*c, -3*c = -3*q + 84. What is the units digit of q?
2
Suppose 0 = -5*l + 319 + 11. What is the tens digit of l?
6
What is the tens digit of (8 - 4) + 134/(1 - 0)?
3
Let t be (2 + 1)*17*1. Suppose 0*n = -4*d + 3*n + 42, 5*d - 3*n = t. What is the units digit of d?
9
Suppose 0*f = 2*f - 3*c - 9, -2*f + 2*c = -6. Suppose 0 = -f*r + 4*r - 36. What is the units digit of r?
9
Let f(a) = 15*a**2 + a. Let n be f(1). Suppose 0*j + n = j. What is the units digit of j?
6
What is the tens digit of (-772)/(-10) - (8 + 88/(-10))?
7
Suppose -j - s - 1 = -0*s, j - 5*s - 29 = 0. Suppose 2*l = 2*m + 3*m + 31, 4*l - j*m - 32 = 0. What is the units digit of l?
3
Let j = 13 + -9. Suppose j = -s + 13. What is the units digit of s?
9
Suppose -5*j = -48 + 18. What is the units digit of j?
6
Suppose 0 = -m - l - 4 + 3, 2*m + 4*l + 12 = 0. Let c be m/18 - (-14)/18. What is the units digit of 31/4 - c/(-4)?
8
Suppose 4*q = 236 + 144. Suppose q = -2*g + 7*g. Let s = -7 + g. What is the units digit of s?
2
Suppose -8*s = -4*s - 3*p - 15, 15 = s - 3*p. Suppose -7*d + 2*d + 100 = s. What is the units digit of d?
0
Let y be (-13)/2*(6 + 2). Let s = y + 82. What is the tens digit of s?
3
Suppose 0*k = -4*k. Let w be (-2)/(-3) + 86/6. Suppose -7*n + w = -m - 2*n, -4*m - 5*n + 40 = k. What is the units digit of m?
5
Let r = -1 + -11. What is the units digit of (-2)/(-12) + (-118)/r?
0
Let y(z) = z**3 + 5*z**2 - 5*z + 8. Let p be y(-6). Suppose j = p*j - 9. Suppose j = 5*k + 4. What is the units digit of k?
1
Let z be (2 + -2)/((-15)/(-5)). Suppose 0 = t + s - 16, s = -5*t - z*t + 64. Suppose -3*l = -4*l + t. What is the tens digit of l?
1
Let a be 2/(-8) + 41/4. Suppose -102 = -38*i + 32*i. Let f = i - a. What is the units digit of f?
7
Suppose 507 = 6*p + 3. What is the units digit of p?
4
Let m(z) = z**2 - 7*z - 12. What is the units digit of m(9)?
6
Let c(v) = -v**2 + v + 4. Let d be c(3). Let i be (1/d)/((-2)/32). Let b = 14 - i. What is the units digit of b?
6
Let s(w) = w**2 + 4*w. Let g be s(-5). Suppose -g*p = -3 - 2. Let i = 2 + p. What is the units digit of i?
3
Suppose -1 = -4*i - 4*m + 3, i = 5*m - 11. What is the tens digit of (-47)/(-3) + i/(-3)?
1
Let d = 12 - 8. What is the units digit of d?
4
What is the tens digit of (2 + 0)*2 + 13?
1
Suppose 4*g - 120 = x + 2*x, -4*g + x + 120 = 0. Let k = g - 18. Let f(b) = -b + 27. What is the units digit of f(k)?
5
Let s = 552 + -308. What is the units digit of s?
4
Let x = 26 - 11. What is the tens digit of x?
1
Let o = 8 + -4. Suppose 3*q + q - 50 = 2*l, o*l - 2*q + 124 = 0. What is the tens digit of (2/(-6))/(1/l)?
1
Suppose -i - i = 40. Let v = i - -10. Let h = -6 - v. What is the units digit of h?
4
Suppose -w + b + 35 = 5*b, 2*w = -2*b + 94. What is the units digit of w?
1
Let m = -11 - -5. What is the units digit of 100/12 - (-2)/m?
8
Let t(c) = -12*c - 12. Let x = -9 - -5. What is the tens digit of t(x)?
3
Suppose 0 = -79*g + 81*g - 14. What is the units digit of g?
7
Let m be 0 - (-5 - -3 - 1). Suppose -o = m*q - 32, 5*q + 9*o - 4*o = 60. What is the tens digit of q?
1
Let q be (4 - 3)/(2/6). Suppose -4*i = -2*y - 104, -q*i + 4*y + 18 = -50. What is the tens digit of i?
2
Let b(q) = 64*q**2. What is the units digit of b(-1)?
4
Let f be 0 + ((-6)/2)/(-3). What is the units digit of (0 + f)/(-1) + 4?
3
Suppose 0 = 3*v - 7*v - 16. What is the units digit of -1 - 2 - (-15 + v)?
6
Let a(i) = 5*i + 12*i - 5*i - 10 - i**2. What is the tens digit of a(10)?
1
Suppose -3*p + 11 = 3*o - 4*p, p - 5 = -o. What is the tens digit of o/(-10) - 284/(-10)?
2
Let l(n) = -n - 6. Let z be l(-6). Suppose 0*s + 2*s - 32 = z. Let b = s + -9. What is the units digit of b?
7
Suppose 0 = 3*f - 0 - 6. Suppose -f*v + 32 = 2*v. Let q(z) = z**2 - 7*z. What is the units digit of q(v)?
8
Let j(v) = 4*v**2. Let h be j(-1). Suppose m + 3*z = 7, -5*z = h*m + m - 25. Let f = m - -1. What is the units digit of f?
5
Suppose 2*v + 2 = 0, -4*v = -z - 3*z + 32. Let c(r) = r**2 - 3*r - 7. What is the tens digit of c(z)?
2
Let k = 8 + -8. Suppose 4*b + 5*s = 6*b - 31, 4*b + 4*s - 48 = k. What is the tens digit of b?
1
Let s = 248 + 52. What is the units digit of s?
0
Let n(o) = 3*o**2 + o - 2. Let p be n(1). Suppose -2*x - 2*b + 48 = 0, -3*x = -3*b + p*b - 92. What is the units digit of x?
9
Let s(c) = -c - 2. Let y(q) = 1. Let h(j) = s(j) + 2*y(j). Let l be h(1). Let m = l - -6. What is the units digit of m?
5
Suppose 0 = h - 96 + 17. What is the units digit of h?
9
Let b = -19 + 34. What is the units digit of b?
5
Let q(y) = 2*y**2 - 2*y + 4. What is the tens digit of q(4)?
2
Suppose 2*t - x + 2 = -0, -5 = 5*t + 5*x. Let p be 4/(t/(2*-2)). Suppose 36 = z + 5*j, -3*j + p = j. What is the tens digit of z?
1
What is the units digit of (-9)/(63/2) + (-158)/(-14)?
1
Suppose 165 = -v + 6*v. What is the units digit of v?
3
Let m(s) be the first derivative of -4*s**3/3 - 2*s**2 - 6*s + 1. Let y(w) = w**2 + w + 1. Let u(v) = m(v) + 5*y(v). What is the units digit of u(-3)?
5
Let p be (0 + 0 - 3)*-5. Suppose -2*u - 2 = -3*g + g, u = 5*g + p. Let s = u + 10. What is the units digit of s?
5
Let k = 4 - 4. Suppose 2*h = 2 - k. What is the units digit of h?
1
Suppose -2*x + 54 = -4*w, -x = 2*w - 0*w - 23. What is the units digit of x?
5
Suppose -u + 5*j = -45, -2*u - 4*j + 30 = j. What is the tens digit of u?
2
Suppose 11*l - 1056 = 3*l. What is the tens digit of l?
3
Let c(p) = p**3 + 3*p**2 - 5*p - 1. Let b be c(-4). Suppose -2*z - 13 = -b*z. What is the tens digit of z?
1
Suppose 3*f + 2*f - 395 = 0. What is the units digit of f?
9
Suppose -4*j + j = -63. Suppose -3*c + 24 + j = 0. What is the tens digit of c?
1
Suppose 5*b - 25 = 4*d, -13 = -2*b - b + 2*d. Let x = b - 6. Let p(m) = -2*m. What is the units digit of p(x)?
0
Let h(c) = c**2 - 2*c - 1. Let l be h(3). Suppose -x - 2*r = l, -2*r = -3*x - 4*r - 10. What is the units digit of 4/3 + x/12?
1
Let b = 5 - 0. Suppose -7 + 82 = b*h. What is the tens digit of h?
1
Suppose -2*i = -2, 5*j - 2*i - 507 = i. What is the hundreds digit of j?
1
Suppose -26 = -2*v - 10. Let j = v - -20. What is the units digit of j?
8
Let f be 7/(3/(-27 - -3)). What is the tens digit of (-2504)/f - 2/(-7)?
4
Suppose 0 = a - s - 2*s - 37, -4*